ulate the remainder when i is divided by s(-8).
0
Suppose 2*d = 2*s + 138 - 22, 2*s + 61 = d. What is the remainder when 107 is divided by d?
52
Let y(w) = -w**2 + w - 1. Let z(p) = -9*p**2 + p - 7. Let g(t) = 5*y(t) - z(t). Calculate the remainder when 49 is divided by g(-3).
23
Let p = -1 + 14. Suppose -2*f + p = -7. Let t(l) = -l**2 - l + 4. What is the remainder when f is divided by t(0)?
2
Calculate the remainder when 16/(-32)*(-2 + -141 + 1) is divided by 25.
21
Let t(j) = 2*j**2 - 7*j - 8. Let v = 135 - 93. What is the remainder when v is divided by t(6)?
20
Suppose 0 = -0*s - 4*s + 592. Suppose -12 - s = -5*p. What is the remainder when 126 is divided by p?
30
Suppose 3*w + 265 = -59. Suppose -m - 96 = -107. Calculate the remainder when (1 - 0)/((-2)/w) is divided by m.
10
Let u = -14 - -28. Suppose 4*l = -4*p - 20, -4 = -2*p + l - u. Calculate the remainder when 26 is divided by (-7)/35 - 71/p.
12
Let v(k) = k - 1 - 9*k - 6. Calculate the remainder when v(-6) is divided by -1*8/48 + (-67)/(-6).
8
Let p = -18 + 23. Let z(c) = -c**3 + 4*c**2 + c + 1. Calculate the remainder when z(4) is divided by 1/p - (-112)/40.
2
Suppose 4*b - 26 = 5*u, 0 = -2*b - 3*u + 13 + 11. Suppose -b + 6 = c. Calculate the remainder when 2 - (c - (1 - -1)) is divided by 3.
1
Suppose 3*y - 47 - 61 = 0. Let i = y - 24. Suppose -16*a = 2*a - 414. Calculate the remainder when a is divided by i.
11
Let v = 1511 + -1499. What is the remainder when 623 is divided by v?
11
Let v = -124 - -68. Calculate the remainder when (-12784)/v + 2/(-7) is divided by 46.
44
Calculate the remainder when 34 is divided by 11 + -15 + 9 + -1 + 2.
4
Suppose 2*t - 10 = 7*t, t + 35 = w. What is the remainder when 101 is divided by w?
2
Calculate the remainder when (-1560)/(-39)*((-2)/(-5) + 2) is divided by 39.
18
Let u = 15 - 25. Let o = 10 + u. Suppose 4*g = 3*s + 3*g - 71, o = 5*s + 4*g - 141. Calculate the remainder when 48 is divided by s.
23
Suppose -c = -5*h - 62, c + 4*h = -22 + 111. Let a = -40 + c. Calculate the remainder when 73 is divided by a.
36
Let b(o) = 5*o**2 - 21*o - 3. Calculate the remainder when 98 is divided by b(5).
13
Suppose 0 = q + 1 - 2, -4*q = 3*l - 34. Suppose 0 = 4*v - 17 + 1. What is the remainder when l is divided by v?
2
Let d(x) be the first derivative of -20*x**2 - 2*x - 4. Let f be d(-5). Suppose -4*j + f = -34. What is the remainder when j is divided by 20?
18
Let p(b) = 3*b**3 - 5*b**2 + 8*b + 2. Let k be (-16)/(-12)*(-27)/(-6). Let j be p(k). Calculate the remainder when (-6)/12 + j/4 is divided by 33.
30
Let s(o) = 2*o + 33. What is the remainder when 15*6*4/30 is divided by s(-14)?
2
Let t(j) = 18*j**2 - j - 6. Calculate the remainder when 130 is divided by t(-2).
62
Let c(m) = 10*m**3 - 3*m**2 + 5*m - 3. Let u be c(1). Suppose u*z + 207 = 12*z. What is the remainder when z is divided by 18?
15
Let f(k) = k**3 - 5*k**2 - 12*k - 13. Let g be f(7). Calculate the remainder when (16/(-12) + g)*34*-6 is divided by 23.
22
Let t = 151 - 59. What is the remainder when t is divided by 80?
12
Let v = -190 + 604. Suppose 8*i = 10*i - v. Let c = i - 118. What is the remainder when c is divided by 23?
20
Let l(i) = -i**3 + 9*i**2 + 2*i. Let j(f) = f**3 - 10*f**2 - 2*f. Let w(g) = 5*j(g) + 6*l(g). What is the remainder when ((5 + 0)*1 + 0)*3 is divided by w(4)?
7
Let n = -79 - -138. Calculate the remainder when n is divided by (2 - 6)*-4*(-10)/(-10).
11
Let z(b) = -b + 10. Let w be z(10). What is the remainder when 62 is divided by (2 + -15)/(w - 1)?
10
Suppose -6*k + 2*k = -12. Suppose k*n = -r - r + 420, -n + 133 = 3*r. Calculate the remainder when n is divided by 29.
26
Suppose 0 = -2*p - 23 + 65. Let v = -14 - -18. Let b = v - -7. Calculate the remainder when p is divided by b.
10
Let r(f) = -6*f - 2. Suppose 2 = -5*y + 4*q - 0*q, -2*q = 5*y + 14. Let w be (-4)/(2/y + 3). Calculate the remainder when 28 is divided by r(w).
8
Suppose 3*a = -2*a. Suppose 2*k = -a*k. Suppose 4*y + 3*n - 45 = k, 2*y + 11 = -3*n + 38. What is the remainder when 35 is divided by y?
8
Let v(f) = 5*f + 95. What is the remainder when v(-13) is divided by 8?
6
Calculate the remainder when 206 is divided by 17 + (-13 + 9 - (-2 + 0)).
11
Let j(h) = 5*h - 12. What is the remainder when j(5) is divided by 55/5 - (-8)/(-2)?
6
Suppose -20 - 145 = 5*s. Let h be (-3)/(-2)*332/(-6). Let d = s - h. What is the remainder when d is divided by 13?
11
Suppose 2*b - 5 = 7. Let p(l) = l**2 - 4*l - 5. Let z = 1039 - 998. Calculate the remainder when z is divided by p(b).
6
Let h(p) be the first derivative of p**2 + 5*p - 31. What is the remainder when 57 is divided by h(3)?
2
Let q(o) = -2*o. Let h be q(-1). Suppose -2*x + 242 = 2*a, 363 = 3*a - 0*x - h*x. Calculate the remainder when a is divided by 31.
28
Suppose n + 3325 = -7*l + 9*l, -4*l + 6659 = -5*n. What is the remainder when l is divided by 16?
13
Let n(a) = a**2 - 14*a + 3. Let c be n(14). Suppose z = 5, 0*z = -c*r - 3*z + 30. Calculate the remainder when 7 is divided by r.
2
Let v(o) = 4*o**2 + o - 4. Let s be (0/5)/(-1) + -2. What is the remainder when v(s) is divided by 6?
4
Suppose 0*j = -2*j. Let y be j*(0 + -1) + 15. What is the remainder when (-8)/10 + 612/y is divided by 21?
19
Let a(b) = b**3 + 27*b**2 - 3*b + 60. What is the remainder when a(-27) is divided by 16?
13
Let j(n) be the first derivative of -n**2/2 + 25*n + 48. What is the remainder when 80 is divided by j(7)?
8
Let c be (-69)/(-12) + 1/4. Calculate the remainder when -8*-4*5/10 is divided by ((-4)/6)/(c/(-81)).
7
Suppose 0 = z + 2*r - 21, -47 = -2*z - z - 2*r. What is the remainder when 129 is divided by z?
12
Let u = -376 - -485. What is the remainder when u is divided by 34?
7
Let s(i) = 2*i**2 + 4*i + 3. Suppose 11*d - 45 = 6*d. Suppose 5*t + 6 + d = 0. What is the remainder when s(t) is divided by 4?
1
Suppose -3*t + 7*t + 30 = -2*k, 0 = 5*t + 2*k + 35. Let c be t/3 + (-8)/(-12). Calculate the remainder when 42 is divided by 16 - (4 + (c - 2)).
12
Let l = 1230 - 958. Calculate the remainder when l is divided by 82.
26
Suppose -r = s + 4*s - 22, -5*r + 5 = 4*s. Let v be (-12)/18 - (-40)/r. Let z = v - -30. Calculate the remainder when z is divided by 6.
4
Let d be -3 - (2/(-4)*4 + 125). Let j = d + 225. Calculate the remainder when j is divided by 20.
19
Let n be 12/(-5) - -3 - 388/(-20). Suppose -15*j - n = -19*j. Calculate the remainder when j is divided by 3.
2
Let x be (-2)/(-6) + (-4)/12. Suppose 0 = -x*j - 2*j - 10, -2*b + 2*j = -104. Calculate the remainder when b is divided by 12.
11
Suppose -2*i + o + 11 = -2*o, -2*o - 22 = -5*i. Let y = -10 + 31. Suppose -y + 6 = -5*w. What is the remainder when i is divided by w?
1
Suppose -3*f + 126 = 3*j, -3*f + 3*j + 47 = -85. Let y = f + 7. Suppose 38*a = -0*a + 646. What is the remainder when y is divided by a?
16
Let b be 37/7 + 18/(-63). Let a(o) = o**3 - 5*o**2 + o + 5. What is the remainder when 26 is divided by a(b)?
6
Let t(y) = -2*y**3 + 50*y**2 - 44*y - 27. Calculate the remainder when 825 is divided by t(24).
66
Let d = -6 - -60. Let i be 376/10 - (-6)/15. Suppose 0 = -2*f - 0*f - 2*z + i, -95 = -5*f - 2*z. What is the remainder when d is divided by f?
16
Let w be (572/(-20) - 15/(-25)) + 1. Let i = w - -57. What is the remainder when 118 is divided by i?
28
Suppose 4 + 4 = 2*w, 2*q = -w - 32. Let h = q - -63. What is the remainder when h is divided by 23?
22
Let p(t) = t**3 + 9*t**2 + 7*t + 2. Suppose -5*x = 4*f + 49, 4 = 5*x + 29. Let n = -36 - -59. Calculate the remainder when p(f) is divided by n.
22
Let i = -15 - -39. Let g(x) = -4*x + 4. Let k be g(-9). Let b = k - i. What is the remainder when 62 is divided by b?
14
Suppose 0 = 6*o - 3*o - 156. Let n(q) = -q**3 - 42*q**2 - 117*q + 6. What is the remainder when o is divided by n(-39)?
4
Let y = -148 - -165. What is the remainder when 56 is divided by y?
5
Let p = 6 + 11. Let g = 38 - p. Calculate the remainder when 38 is divided by g.
17
Let w be 9/(-30)*2*-5. Suppose 0 = w*s - 2*s - d - 8, -8 = -4*s - 4*d. Suppose 8*k - 12 = s*k. What is the remainder when 5 is divided by k?
1
Suppose -2*k = 14 + 20. Let g(z) = -4*z - 42. What is the remainder when g(k) is divided by 9?
8
Let h = 7 + 9. Suppose -85 = -o + 3*p - h, 0 = o - 2*p - 67. Calculate the 